of 32885073?
0
What is the hundred thousands digit of 144202915?
2
What is the ten millions digit of 636407185?
3
What is the hundred thousands digit of 831790033?
7
What is the hundred thousands digit of 624728666?
7
What is the ten thousands digit of 221604469?
0
What is the hundreds digit of 141351823?
8
What is the hundred thousands digit of 2265412713?
4
What is the ten millions digit of 1479440074?
7
What is the millions digit of 31616597?
1
What is the tens digit of 796034?
3
What is the hundred thousands digit of 119228334?
2
What is the hundreds digit of 3710496803?
8
What is the ten thousands digit of 23706146?
0
What is the ten thousands digit of 192830494?
3
What is the tens digit of 194195217?
1
What is the ten millions digit of 1508872065?
0
What is the hundred thousands digit of 96882607?
8
What is the ten thousands digit of 2624705397?
0
What is the ten millions digit of 378499479?
7
What is the ten thousands digit of 531508898?
0
What is the millions digit of 1412671699?
2
What is the millions digit of 1743849657?
3
What is the ten millions digit of 66236180?
6
What is the millions digit of 240729331?
0
What is the hundred millions digit of 174090014?
1
What is the millions digit of 1493836025?
3
What is the millions digit of 36797518?
6
What is the hundred millions digit of 160829555?
1
What is the millions digit of 7651633039?
1
What is the units digit of 4216201049?
9
What is the ten millions digit of 1840584013?
4
What is the thousands digit of 117820155?
0
What is the hundreds digit of 577473375?
3
What is the ten millions digit of 23933755?
2
What is the hundred millions digit of 164144552?
1
What is the hundred millions digit of 3403537908?
4
What is the hundreds digit of 178766473?
4
What is the units digit of 312550168?
8
What is the thousands digit of 115948725?
8
What is the hundreds digit of 117512308?
3
What is the ten thousands digit of 401662928?
6
What is the millions digit of 16856265?
6
What is the hundred millions digit of 4143003646?
1
What is the thousands digit of 3661081549?
1
What is the ten millions digit of 56643317?
5
What is the hundred thousands digit of 40678770?
6
What is the hundreds digit of 576026714?
7
What is the hundred thousands digit of 887075606?
0
What is the tens digit of 1471997332?
3
What is the hundreds digit of 764937552?
5
What is the ten millions digit of 1932283964?
3
What is the hundred thousands digit of 50054865?
0
What is the ten millions digit of 1399882375?
9
What is the ten millions digit of 4237579473?
3
What is the ten millions digit of 2185596495?
8
What is the hundreds digit of 116686366?
3
What is the units digit of 180526411?
1
What is the thousands digit of 154566826?
6
What is the ten millions digit of 61109074?
6
What is the hundreds digit of 61256075?
0
What is the tens digit of 364018645?
4
What is the ten thousands digit of 2591180539?
8
What is the hundreds digit of 36446954?
9
What is the ten thousands digit of 36935889?
3
What is the ten millions digit of 242421503?
4
What is the hundred millions digit of 233853742?
2
What is the tens digit of 94981631?
3
What is the ten thousands digit of 1687863883?
6
What is the hundreds digit of 357873502?
5
What is the tens digit of 724034142?
4
What is the hundreds digit of 4636741777?
7
What is the ten thousands digit of 323722501?
2
What is the thousands digit of 1465795551?
5
What is the ten thousands digit of 1072111958?
1
What is the ten thousands digit of 36792050?
9
What is the thousands digit of 64218752?
8
What is the millions digit of 171909440?
1
What is the units digit of 5309720596?
6
What is the hundreds digit of 105168543?
5
What is the thousands digit of 4115233562?
3
What is the tens digit of 1651449190?
9
What is the hundreds digit of 598729503?
5
What is the thousands digit of 86602270?
2
What is the billions digit of 2090276671?
2
What is the thousands digit of 1656188922?
8
What is the units digit of 159177458?
8
What is the hundred thousands digit of 1634285137?
2
What is the hundreds digit of 257505195?
1
What is the ten thousands digit of 102983777?
8
What is the ten millions digit of 13833991?
1
What is the hundred thousands digit of 6237360013?
3
What is the millions digit of 806334763?
6
What is the thousands digit of 106682808?
2
What is the millions digit of 2634638911?
4
What is the hundreds digit of 86473622?
6
What is the hundreds digit of 2713538603?
6
What is the billions digit of 3543664625?
3
What is the units digit of 4121779574?
4
What is the units digit of 83310863?
3
What is the ten thousands digit of 27609932?
0
What is the thousands digit of 34695081?
5
What is the tens digit of 1104317092?
9
What is the ten thousands digit of 680570045?
7
What is the billions digit of 3779517036?
3
What is the hundreds digit of 50781815?
8
What is the units digit of 41497864?
4
What is the hundred thousands digit of 2555290546?
2
What is the thousands digit of 23366743?
6
What is the ten millions digit of 81371099?
8
What is the hundreds digit of 3293101404?
4
What is the thousands digit of 603091340?
1
What is the hundred millions digit of 206736917?
2
What is the hundreds digit of 415134671?
6
What is the hundreds digit of 4767749?
7
What is the hundred thousands digit of 260502837?
5
What is the hundred millions digit of 200948734?
2
What is the millions digit of 123774478?
3
What is the thousands digit of 935251317?
1
What is the hundred thousands digit of 2645401?
6
What is the ten thousands digit of 5108750907?
5
What is the millions digit of 6333607863?
3
What is the tens digit of 4751495791?
9
What is the ten thousands digit of 145613881?
1
What is the billions digit of 1988404148?
1
What is the hundreds digit of 17375353?
3
What is the hundreds digit of 314321550?
5
What is the hundreds digit of 49268445?
4
What is the thousands digit of 720292348?
2
What is the hundreds digit of 507301873?
8
What is the tens digit of 3701011624?
2
What is the hundreds digit of 189167478?
4
What is the ten millions digit of 207807301?
0
What is the tens digit of 854466428?
2
What is the thousands digit of 718065940?
5
What is the hundreds digit of 23356691?
6
What is the hundreds digit of 24956036?
0
What is the thousands digit of 1931139285?
9
What is the millions digit of 3736978?
3
What is the hundreds digit of 131236759?
7
What is the units digit of 468694287?
7
What is the billions digit of 2817978319?
2
What is the tens digit of 67992908?
0
What is the tens digit of 90754551?
5
What is the hundred thousands digit of 55416539?
4
What is the billions digit of 1514846411?
1
What is the hundreds digit of 7186874534?
5
What is the hundred millions digit of 139851753?
1
What is the hundreds digit of 23922163?
1
What is the tens digit of 19151414?
1
What is the units digit of 573474330?
0
What is the units digit of 5663184782?
2
What is the units digit of 44887490?
0
What is the millions digit of 1188908339?
8
What is the thousands digit of 14134006?
4
What is the units digit of 170944243?
3
What is the ten thousands digit of 28316015?
1
What is the units digit of 71806896?
6
What is the hundreds digit of 683262?
2
What is the units digit of 174358111?
1
What is the ten thousands digit of 2943967835?
6
What is the millions digit of 264369561?
4
What is the hundred thousands digit of 43154588?
1
What is the thousands digit of 434421073?
1
What is the ten millions digit of 341753940?
4
What is the hundred millions digit of 5283782265?
2
What is the ten millions digit of 20362598?
2
What is the thousands digit of 129656248?
6
What is the hundred thousands digit of 1654456830?
4
What is the tens digit of 1101866382?
8
What is the thousands digit of 508489563?
9
What is the tens digit of 392228684?
8
What is the units digit of 2115598311?
1
What is the ten millions digit of 8956097078?
5
What is the hundred millions digit of 206071635?
2
What is the ten millions digit of 6150515028?
5
What is the hundred thousands digit of 167856749?
8
What is the units digit of 3048810189?
9
What is the units digit of 56577124?
4
What is the hundred millions digit of 445896345?
4
What is the ten millions digit of 1148612438?
4
What is the units digit of 87214718?
8
What is the tens digit of 88027985?
8
What is the mi